er when 8219 is divided by 23.
8
What is the remainder when 56321 is divided by 63?
62
Calculate the remainder when 20928 is divided by 6901.
225
What is the remainder when 39685 is divided by 125?
60
Calculate the remainder when 3967 is divided by 1977.
13
Calculate the remainder when 12487 is divided by 49.
41
Calculate the remainder when 6110 is divided by 100.
10
What is the remainder when 852 is divided by 411?
30
Calculate the remainder when 265425 is divided by 26.
17
What is the remainder when 5454 is divided by 51?
48
Calculate the remainder when 47607 is divided by 3.
0
Calculate the remainder when 121360 is divided by 157.
156
What is the remainder when 4883 is divided by 407?
406
What is the remainder when 606239 is divided by 90?
89
Calculate the remainder when 26868 is divided by 611.
595
Calculate the remainder when 3295 is divided by 544.
31
Calculate the remainder when 137852 is divided by 43.
37
Calculate the remainder when 12378 is divided by 952.
2
What is the remainder when 6095 is divided by 1068?
755
What is the remainder when 1494 is divided by 119?
66
Calculate the remainder when 137939 is divided by 66.
65
Calculate the remainder when 682083 is divided by 4.
3
Calculate the remainder when 84230 is divided by 77.
69
Calculate the remainder when 23951 is divided by 93.
50
What is the remainder when 10883 is divided by 945?
488
Calculate the remainder when 58882 is divided by 21.
19
What is the remainder when 25740 is divided by 12697?
346
What is the remainder when 66650 is divided by 3920?
10
Calculate the remainder when 72466 is divided by 179.
150
What is the remainder when 8414 is divided by 2055?
194
What is the remainder when 31995 is divided by 76?
75
Calculate the remainder when 18913 is divided by 98.
97
What is the remainder when 914264 is divided by 259?
253
Calculate the remainder when 209 is divided by 175.
34
Calculate the remainder when 3292 is divided by 127.
117
What is the remainder when 2068 is divided by 760?
548
Calculate the remainder when 8399 is divided by 58.
47
What is the remainder when 3046 is divided by 30?
16
What is the remainder when 1025 is divided by 492?
41
What is the remainder when 3737 is divided by 429?
305
What is the remainder when 65604 is divided by 131?
104
What is the remainder when 247945 is divided by 176?
137
What is the remainder when 1128 is divided by 218?
38
Calculate the remainder when 14179 is divided by 527.
477
What is the remainder when 36242 is divided by 442?
440
What is the remainder when 38490 is divided by 61?
60
Calculate the remainder when 18692 is divided by 71.
19
Calculate the remainder when 336 is divided by 214.
122
Calculate the remainder when 75487 is divided by 12563.
109
What is the remainder when 2016 is divided by 249?
24
What is the remainder when 31912 is divided by 81?
79
Calculate the remainder when 1054 is divided by 1030.
24
Calculate the remainder when 16475 is divided by 3088.
1035
What is the remainder when 20495 is divided by 6637?
584
What is the remainder when 5022 is divided by 103?
78
What is the remainder when 4151 is divided by 1753?
645
Calculate the remainder when 54569 is divided by 5.
4
Calculate the remainder when 7797 is divided by 390.
387
What is the remainder when 10125 is divided by 636?
585
Calculate the remainder when 98872 is divided by 462.
4
Calculate the remainder when 66887 is divided by 24.
23
Calculate the remainder when 7000 is divided by 544.
472
What is the remainder when 12566 is divided by 4177?
35
What is the remainder when 51965 is divided by 64?
61
What is the remainder when 1279 is divided by 468?
343
Calculate the remainder when 386098 is divided by 1643.
1636
Calculate the remainder when 225827 is divided by 37635.
17
What is the remainder when 90979 is divided by 30315?
34
Calculate the remainder when 127300 is divided by 155.
45
What is the remainder when 151896 is divided by 14?
10
What is the remainder when 31865 is divided by 10618?
11
What is the remainder when 25650 is divided by 855?
0
Calculate the remainder when 125821 is divided by 419.
121
Calculate the remainder when 4063 is divided by 1816.
431
What is the remainder when 19019 is divided by 12?
11
What is the remainder when 50385 is divided by 161?
153
What is the remainder when 127408 is divided by 6067?
1
What is the remainder when 674073 is divided by 513?
504
Calculate the remainder when 104790 is divided by 433.
4
Calculate the remainder when 1610475 is divided by 19.
16
Calculate the remainder when 26308 is divided by 80.
68
Calculate the remainder when 469 is divided by 224.
21
Calculate the remainder when 2785858 is divided by 45.
43
Calculate the remainder when 22309 is divided by 29.
8
What is the remainder when 46598 is divided by 34?
18
What is the remainder when 49581 is divided by 114?
105
What is the remainder when 2544 is divided by 351?
87
What is the remainder when 59630 is divided by 16?
14
Calculate the remainder when 56846 is divided by 14207.
18
What is the remainder when 49679 is divided by 115?
114
Calculate the remainder when 245374 is divided by 568.
566
What is the remainder when 1362001 is divided by 321?
319
Calculate the remainder when 10100 is divided by 60.
20
What is the remainder when 73859 is divided by 207?
167
What is the remainder when 981180 is divided by 1021?
1020
What is the remainder when 4745 is divided by 78?
65
Calculate the remainder when 66849 is divided by 26.
3
What is the remainder when 82024 is divided by 2103?
7
Calculate the remainder when 1135 is divided by 387.
361
What is the remainder when 1339 is divided by 448?
443
Calculate the remainder when 1157 is divided by 228.
17
Calculate the remainder when 34980 is divided by 9.
6
What is the remainder when 27454 is divided by 88?
86
Calculate the remainder when 4725 is divided by 1571.
12
What is the remainder when 31392 is divided by 328?
232
What is the remainder when 163 is divided by 101?
62
What is the remainder when 2793 is divided by 246?
87
What is the remainder when 1359 is divided by 363?
270
What is the remainder when 38679 is divided by 8?
7
Calculate the remainder when 8459 is divided by 8449.
10
What is the remainder when 16963 is divided by 747?
529
What is the remainder when 18223 is divided by 9?
7
What is the remainder when 14968 is divided by 14960?
8
Calculate the remainder when 5523 is divided by 393.
21
What is the remainder when 1540 is divided by 176?
132
What is the remainder when 7863 is divided by 1310?
3
What is the remainder when 30497 is divided by 46?
45
Calculate the remainder when 46366 is divided by 265.
256
What is the remainder when 1508 is divided by 115?
13
Calculate the remainder when 5453 is divided by 53.
47
What is the remainder when 445727 is divided by 148568?
23
What is the remainder when 561 is divided by 66?
33
What is the remainder when 5689 is divided by 74?
65
What is the remainder when 45271 is divided by 77?
72
Calculate the remainder when 1445937 is divided by 261.
258
Calculate the remainder when 307654 is divided by 145.
109
What is the remainder when 14082 is divided by 15?
12
Calculate the remainder when 1552 is divided by 362.
104
Calculate the remainder when 119687 is divided by 23906.
157
Calculate the remainder when 1660954 is divided by 227.
222
Calculate the remainder when 1898 is divided by 263.
57
What is the remainder when 25160 is divided by 1472?
136
What is the remainder when 15584 is divided by 53?
2
Calculate the remainder when 222 is divided by 62.
36
What is the remainder when 21580 is divided by 99?
97
What is the remainder when 3282 is divided by 1633?
16
Calculate the remainder when 157317 is divided by 18.
15
What is the remainder when 201869 is divided by 3?
2
Calculate the remainder when 10792 is divided by 862.
448
What is the remainder when 49538 is divided by 107?
104
What is the remainder when 106018 is divided by 285?
283
Calculate the remainder when 83338 is divided by 12.
10
Calculate the remainder when 261317 is divided by 449.
448
Calculate the remainder when 81606 is divided by 81597.
9
Calculate the remainder when 192498 is divided by 96245.
8
Calculate the remainder when 11052792 is divided by 195.
192
What is the remainder when 16643 is div